7?
True
Is 8 a factor of 4943272?
True
Is 106207 a multiple of 16?
False
Does 11 divide 297?
True
Does 17 divide 1344244?
False
Does 7 divide 903153?
False
Does 20 divide 187460?
True
Does 317 divide 2243046?
False
Is 7222082 a multiple of 68?
False
Does 256 divide 684303?
False
Is 4 a factor of 842037?
False
Is 1100 a factor of 17321020?
False
Does 644 divide 419687?
False
Is 426 a factor of 1706771?
False
Is 2043937 a multiple of 101?
True
Is 123777 a multiple of 8?
False
Does 135 divide 1009935?
True
Is 3541881 a multiple of 1190?
False
Is 44312 a multiple of 232?
True
Is 3135364 a multiple of 29?
True
Is 1148877 a multiple of 27?
True
Is 102 a factor of 84103?
False
Is 730 a factor of 22283312?
False
Is 379191 a multiple of 875?
False
Is 13 a factor of 3224841?
False
Is 285 a factor of 594067?
False
Is 4 a factor of 37744?
True
Is 553531 a multiple of 449?
False
Is 7 a factor of 2666076?
True
Does 9 divide 210682?
False
Is 11 a factor of 3010425?
True
Is 11 a factor of 80402?
False
Is 29 a factor of 535994?
False
Does 80 divide 138242?
False
Does 1060 divide 3871839?
False
Does 117 divide 18486?
True
Does 29 divide 8239828?
True
Is 10351284 a multiple of 34?
False
Is 6636 a multiple of 94?
False
Is 213615 a multiple of 89?
False
Is 27 a factor of 10287810?
True
Is 123446 a multiple of 58?
False
Is 1029104 a multiple of 8?
True
Is 373487 a multiple of 10?
False
Does 77 divide 346192?
True
Is 1361875 a multiple of 10?
False
Is 7 a factor of 1310456?
True
Is 2496375 a multiple of 35?
True
Is 12 a factor of 1255504?
False
Is 50 a factor of 542400?
True
Is 282916 a multiple of 50?
False
Is 133381 a multiple of 17?
False
Is 15 a factor of 117990?
True
Is 83 a factor of 989800?
False
Is 10 a factor of 1642653?
False
Is 170 a factor of 2405117?
False
Does 187 divide 37731?
False
Is 8 a factor of 2065791?
False
Is 12 a factor of 2873304?
True
Is 917 a factor of 247590?
True
Does 18 divide 3755826?
True
Is 57 a factor of 317620?
False
Is 76046 a multiple of 7?
False
Does 12 divide 127704?
True
Does 362 divide 4245240?
False
Does 1139 divide 2479603?
True
Is 155372 a multiple of 2?
True
Is 58739 a multiple of 151?
True
Is 66764 a multiple of 22?
False
Is 4 a factor of 329169?
False
Is 107280 a multiple of 45?
True
Does 16 divide 432384?
True
Is 285 a factor of 2738875?
False
Is 16585214 a multiple of 174?
False
Is 446 a factor of 288834?
False
Is 108 a factor of 8745840?
True
Is 245 a factor of 2319415?
True
Does 59 divide 1002882?
True
Is 16 a factor of 1069968?
True
Is 13837 even?
False
Does 112 divide 223100?
False
Is 78 a factor of 5931744?
True
Is 747 a factor of 491472?
False
Is 43 a factor of 452544?
False
Is 3 a factor of 2305?
False
Does 6 divide 289590?
True
Is 2 a factor of 27751?
False
Does 39 divide 234024?
False
Does 67 divide 319628?
False
Does 207 divide 1792467?
False
Does 112 divide 637056?
True
Is 11 a factor of 250734?
True
Is 15 a factor of 51675?
True
Is 22 a factor of 15549?
False
Is 3821337 a multiple of 81?
True
Does 23 divide 2451846?
True
Does 10 divide 385868?
False
Does 38 divide 14880990?
True
Is 1130854 a multiple of 4?
False
Does 22 divide 351472?
True
Is 2 a factor of 93298?
True
Is 93993 a multiple of 57?
True
Is 9 a factor of 2011554?
True
Is 231660 a multiple of 180?
True
Does 17 divide 24963?
False
Does 4 divide 1029324?
True
Is 90049 a multiple of 6?
False
Does 2 divide 28287?
False
Is 2946 a multiple of 4?
False
Does 21 divide 1637496?
True
Is 8129464 a multiple of 358?
True
Does 19 divide 79511?
False
Is 48 a factor of 285121?
False
Does 175 divide 73602?
False
Does 23 divide 54556?
True
Does 76 divide 51633?
False
Is 217 a factor of 732158?
True
Is 495 a factor of 8202763?
False
Is 13 a factor of 6214?
True
Is 4 a factor of 76465?
False
Is 7199812 a multiple of 15?
False
Is 823259 a multiple of 79?
True
Is 1943700 a multiple of 1045?
True
Does 125 divide 94743?
False
Is 1690215 a multiple of 80?
False
Does 235 divide 7660765?
True
Is 6958014 a multiple of 5?
False
Is 4739040 a multiple of 180?
True
Is 1804947 a multiple of 1613?
True
Is 3421656 a multiple of 189?
True
Is 720430 a multiple of 408?
False
Does 2725 divide 20527460?
False
Does 13 divide 995932?
False
Is 400884 a multiple of 44?
True
Is 46996 a multiple of 10?
False
Does 190 divide 3637850?
False
Does 16 divide 233439?
False
Does 1042 divide 6069650?
True
Does 248 divide 349928?
True
Does 74 divide 46546?
True
Does 33 divide 1955778?
True
Is 2455058 a multiple of 837?
False
Does 75 divide 75671?
False
Does 244 divide 105052?
False
Is 4561700 a multiple of 580?
True
Is 56700 a multiple of 54?
True
Is 1346871 a multiple of 921?
False
Is 231 a factor of 824430?
False
Is 5800695 a multiple of 326?
False
Does 180 divide 4253738?
False
Is 3098200 a multiple of 28?
True
Is 1894 even?
True
Does 148 divide 99604?
True
Does 33 divide 26774?
False
Is 255142 a multiple of 83?
True
Is 8 a factor of 390808?
True
Is 315 a factor of 26317?
False
Is 12 a factor of 1397196?
True
Does 3 divide 80508?
True
Does 1722 divide 2372916?
True
Is 141 a factor of 132540?
True
Is 1140 a factor of 872592?
False
Is 12 a factor of 357708?
True
Is 17 a factor of 1386516?
False
Is 232517 a multiple of 225?
False
Is 282 a factor of 1426356?
True
Does 1551 divide 9754239?
True
Does 49 divide 719249?
False
Is 5 a factor of 261798?
False
Is 10479017 a multiple of 30?
False
Does 43 divide 556742?
False
Is 98 a factor of 1019690?
True
Does 6 divide 92862?
True
Is 62 a factor of 2684935?
False
Is 4 a factor of 35107?
False
Does 85 divide 837845?
True
Is 21695 a multiple of 80?
False
Is 552976 a multiple of 107?
True
Is 37949 a multiple of 34?
False
Is 268 a factor of 21800460?
True
Is 19460700 a multiple of 300?
True
Does 419 divide 4304646?
False
Is 848 a factor of 410971?
False
Is 259758 a multiple of 669?
False
Is 20 a factor of 650302?
False
Is 6 a factor of 771674?
False
Is 252432 a multiple of 4?
True
Is 86548 a multiple of 154?
True
Is 176662 a multiple of 128?
False
Is 89 a factor of 2323879?
True
Is 542855 a multiple of 41?
False
Is 3 a factor of 771987?
True
Is 146975 a multiple of 48?
False
Is 3 a factor of 45444?
True
Is 337416 a multiple of 827?
True
Is 278 a factor of 1520559?
False
Is 130 a factor of 3215?
False
Is 306558 a multiple of 14?
True
Is 3685153 a multiple of 657?
False
Is 189555 a multiple of 172?
False
Is 1023888 a multiple of 771?
True
Does 77 divide 479864?
True
Does 2 divide 32279?
False
Does 701 divide 8107764?
False
Is 63 a factor of 9864351?
True
Is 9297437 a multiple of 103?
False
Does 141 divide 41065?
False
Is 7 a factor of 1843729?
False
Is 23 a factor of 38479?
True
Is 10 a factor of 29701?
False
Is 241 a factor of 54129?
False
Is 16742289 a multiple of 259?
False
Is 19 a factor of 434238?
False
Is 1219610 a multiple of 131?
True
Is 7 a factor of 8301176?
False
Is 2899344 a multiple of 16?
True
Does 10 divide 245790?
True
Is 140238 a multiple of 378?
True
Is 21 a factor of 254802?
False
Is 11987138 a multiple of 115?
False
Is 618 a factor of 89610?
True
Is 5445 even?
False
Does 581 divide 19514473?
False
Is 5182561 a multiple of 974?
False
Does 115 divide 425845?
True
Is 274492 a multiple of 171?
False
Is 685655 a multiple of 5?
True
Is 370370 a multiple of 370?
True
Is 11 a factor of 680097?
True
Is 12 a factor of 458448?
True
Is 3596280 a multiple of 230?
True
Is 300 a factor of 222900?
True
Is 7861135 a multiple of 31?
True
Is 4 a factor of 422304?
True
Is 802 a factor of 8083164?
False
Does 209 divide 695552?
True
Is 856818 a multiple of 86?
True
Is 14322 a multiple of 11?
True
Is 173657 a multiple of 56?
False
Is 408 a factor of 4417008?
True
Is 19 a factor of 2523238?
True
Is 183 a factor of 431171?
False
Does 169 divide 5127122?
True
Does 8 divide 142653?
False
Is 472087 a multiple of 342?
False
Is 9891272 a multiple of 1301?
False
Is 90103 a multiple of 13?
True
Does 773 divide 2428557?
False
Does 46 divide 8070339?
False
Is 9296 a multiple of 56?
True
Is 5044463 a multiple of 21?
False
Does 215 divide 288931?
False
Does 29 divide 189952?
False
Is 145293 a multiple of 57?
True
Is 8025335 a multiple of 48?
False
Is 2617728 a multiple of 816?
True
Is 24 a factor of 220234?
False
Does 117 divide 5237?
False
Does 19 divide 504457?
False
Is 69